{"id":10,"date":"2010-03-11T13:09:37","date_gmt":"2010-03-11T13:09:37","guid":{"rendered":"http:\/\/www.friseurinnung-darmstadt.de\/cms\/?page_id=10"},"modified":"2025-04-25T18:52:36","modified_gmt":"2025-04-25T18:52:36","slug":"der-meisterkurs","status":"publish","type":"page","link":"http:\/\/www.friseurinnung-darmstadt.de\/cms\/?page_id=10","title":{"rendered":"Meisterkurs"},"content":{"rendered":"<p><strong>DER MEISTERKURS<br \/>\n<\/strong><\/p>\n<p>Zulassungsvoraussetzungen zur Meisterpr\u00fcfung:<br \/>\nZur Meisterpr\u00fcfung wird zugelassen, wer eine Gesellenpr\u00fcfung im Friseurhandwerk bestanden hat oder in einem anderen anerkannten Ausbildungsberuf eine Gesellenpr\u00fcfung bestanden hat und eine mehrj\u00e4hrige Berufst\u00e4tigkeit im Friseurhandwerk nachweisen kann.<\/p>\n<p><!--StartFragment -->\u00a0<strong><span style=\"text-decoration: underline;\">Meisterpr\u00fcfung Vorbereitungskurs im Friseurhandwerk Darmstadt<\/span><\/strong><\/p>\n<p><strong>Kursinhalt<br \/>\n<\/strong>Die Inhalte des Lehrgangs werden nach den\u00a0 Anforderungen der Meisterpr\u00fcfungsordnung lt. Rahmenlehrplan 430 Stunden Teil I und Teil II unterrichtet.<\/p>\n<p><strong><span style=\"text-decoration: underline;\">Teil I<br \/>\n<\/span>Fachpraktischer Teil<\/strong><br \/>\nDie praktische Pr\u00fcfung besteht aus dem Meisterpr\u00fcfungsprojekt und den verschiedenen Situationsaufgaben.<\/p>\n<p><strong><span style=\"text-decoration: underline;\">Meisterpr\u00fcfungsprojekt<br \/>\n<\/span><\/strong><br \/>\n<strong>1.\u00a0\u00a0\u00a0 Projektantrag:<\/strong><\/p>\n<ul>\n<li>Entwurf,<\/li>\n<li>Planung,<\/li>\n<li>Angebot f\u00fcr ein festliches\u00a0 Ereignis<\/li>\n<\/ul>\n<p><strong>2.\u00a0\u00a0\u00a0 Projektarbeit<\/strong><\/p>\n<ul>\n<li>Damenfrisur mit Farbbehandlung,<\/li>\n<li>Schnitt,<\/li>\n<li>Make-Up und Nageldesign<\/li>\n<li>Herrenfrisur mit Schnitt<\/li>\n<\/ul>\n<p><strong>3.\u00a0\u00a0\u00a0 Fachgespr\u00e4ch<\/strong><\/p>\n<p><strong><span style=\"text-decoration: underline;\">Teil II<\/span><\/strong><br \/>\n<strong>Fachtheoretischer Teil<\/strong><\/p>\n<p><strong>1.\u00a0\u00a0\u00a0 Gestaltung und Technik<\/strong><\/p>\n<ul>\n<li>Fallorientierte Aufgaben<\/li>\n<li>Kundenberatung f\u00fcr Haar- und Hautkosmetische Behandlung<\/li>\n<li>Aufbau Haar und Haut<\/li>\n<li>Chemische Vorg\u00e4nge wie z.B. Dauerwelle und Haarfarbe<\/li>\n<li>Warenkunde( Inhaltstoffe und deren Wirkung)<\/li>\n<li>Theorie \u00fcber Haarersatz\/Herstellung<\/li>\n<\/ul>\n<p><strong>2.\u00a0\u00a0\u00a0 Salonmanagement<\/strong><\/p>\n<ul>\n<li>Unfall-, Arbeits-, Gesundheit- und Umweltschutz<\/li>\n<li>Entwicklung Salonkonzept<\/li>\n<li>Lohnkostenermittlung, Kalkulation,<\/li>\n<li>Planung<\/li>\n<li>Betriebsablauf und Management<\/li>\n<li>Personalf\u00fchrungskonzepte<\/li>\n<li>Schw\u00e4chenanalyse Qualit\u00e4tsmanagement<\/li>\n<li>Marketing<\/li>\n<li>Information und Kommunikationssysteme<\/li>\n<\/ul>\n<p><strong>Lehrgangsbeginn<\/strong><br \/>\nIn der ersten Septemberwoche<\/p>\n<p><strong>Lehrgangsdauer<br \/>\n<\/strong>Ca. 9 Monate &#8211; September bis April<\/p>\n<p><strong>Unterrichtsorte<\/strong><br \/>\nMontags ganztags, mittwochs abends und jeden 1. Dienstag abends voraussichtlich im BTZ Weiterstadt<\/p>\n<p><strong>Unterrichtszeiten<br \/>\n<\/strong>Lt. Rahmenlehrplan 430 Stunden<br \/>\nMontag teils ganzt\u00e4tig<br \/>\nvon\u00a0 9.00 bis ca. 18 Uhr<\/p>\n<p>Dienstag und Mittwoch<br \/>\nvon 18.30 bis 21.30 Uhr<\/p>\n<p><strong>Lehrgangsgeb\u00fchr<br \/>\n<\/strong>nur f\u00fcr Teil I und Teil II<\/p>\n<p>Bei mindestens 9 Personen<br \/>\nIncl. Fachbuch \u00a0\u00a0\u00a0 \u00a0\u00a0\u00a0 \u00a0 \u00a0 \u00a0 \u00a0 \u00a02550,&#8211; \u20ac<br \/>\nEinschreibegeb\u00fchr\u00a0\u00a0\u00a0 \u00a0\u00a0 \u00a0\u00a0\u00a0 \u00a0\u00a0 150,&#8211; \u20ac<br \/>\nSelbstkosten:<br \/>\nMedien und Haarteile\u00a0\u00a0\u00a0ca. 100,&#8211; \u20ac<\/p>\n<p>Die Pr\u00fcfungsgeb\u00fchr wird von der\u00a0Handwerkskammer extra berechnet.<\/p>\n<p><strong>Rechtliches<br \/>\n<\/strong>Die Zulassung zur Meisterpr\u00fcfung und die Erhebung der Pr\u00fcfungsgeb\u00fchren sowie die Pr\u00fcfung selbst, die nach Beendigung des Lehrgangs stattfindet, erfolgt \u00fcber die Handwerkskammer Rhein\/Main Hauptverwaltung Frankfurt.<\/p>\n<p><strong>Meisterbaf\u00f6g<br \/>\n<\/strong>Kann bei dem Stundentenwerk beantragt werden.<\/p>\n<p><strong>Anmeldung zum Vorbereitungslehrgang<br \/>\n<\/strong>bei der<br \/>\nFriseur- und Kosmetik Innung Darmstadt Stadt und Land<br \/>\nHindenburgstr. 1<br \/>\n64295 Darmstadt<\/p>\n<p><strong>B\u00fcrozeiten<\/strong><br \/>\nMontag\u00a0 von\u00a0 9 bis 12 Uhr<br \/>\nund nach Terminvereinbarung<br \/>\nTel: 06151-314400<br \/>\nFAX: 06151-33484<\/p>\n<p>Kontakt \u00fcber<br \/>\n<strong>Obermeisterin Elke Hoinkis<br \/>\n<\/strong>Email:\u00a0<a href=\"mailto:friseurinnung-@t-online.de\">e-mail<\/a><br \/>\nTel: 06151-23432 (di-fr 9-17 Uhr)<\/p>\n<p><span id=\"_marker\">\u00a0<\/span><\/p>\n","protected":false},"excerpt":{"rendered":"<p>DER MEISTERKURS Zulassungsvoraussetzungen zur Meisterpr\u00fcfung: Zur Meisterpr\u00fcfung wird zugelassen, wer eine Gesellenpr\u00fcfung im Friseurhandwerk bestanden hat oder in einem anderen anerkannten Ausbildungsberuf eine Gesellenpr\u00fcfung bestanden hat und eine mehrj\u00e4hrige Berufst\u00e4tigkeit im Friseurhandwerk nachweisen kann. \u00a0Meisterpr\u00fcfung Vorbereitungskurs im Friseurhandwerk Darmstadt Kursinhalt Die Inhalte des Lehrgangs werden nach den\u00a0 Anforderungen der Meisterpr\u00fcfungsordnung lt. Rahmenlehrplan 430 Stunden Teil [&hellip;]<\/p>\n","protected":false},"author":1,"featured_media":0,"parent":0,"menu_order":6,"comment_status":"closed","ping_status":"closed","template":"","meta":{"footnotes":""},"class_list":["post-10","page","type-page","status-publish","hentry"],"_links":{"self":[{"href":"http:\/\/www.friseurinnung-darmstadt.de\/cms\/index.php?rest_route=\/wp\/v2\/pages\/10"}],"collection":[{"href":"http:\/\/www.friseurinnung-darmstadt.de\/cms\/index.php?rest_route=\/wp\/v2\/pages"}],"about":[{"href":"http:\/\/www.friseurinnung-darmstadt.de\/cms\/index.php?rest_route=\/wp\/v2\/types\/page"}],"author":[{"embeddable":true,"href":"http:\/\/www.friseurinnung-darmstadt.de\/cms\/index.php?rest_route=\/wp\/v2\/users\/1"}],"replies":[{"embeddable":true,"href":"http:\/\/www.friseurinnung-darmstadt.de\/cms\/index.php?rest_route=%2Fwp%2Fv2%2Fcomments&post=10"}],"version-history":[{"count":19,"href":"http:\/\/www.friseurinnung-darmstadt.de\/cms\/index.php?rest_route=\/wp\/v2\/pages\/10\/revisions"}],"predecessor-version":[{"id":1966,"href":"http:\/\/www.friseurinnung-darmstadt.de\/cms\/index.php?rest_route=\/wp\/v2\/pages\/10\/revisions\/1966"}],"wp:attachment":[{"href":"http:\/\/www.friseurinnung-darmstadt.de\/cms\/index.php?rest_route=%2Fwp%2Fv2%2Fmedia&parent=10"}],"curies":[{"name":"wp","href":"https:\/\/api.w.org\/{rel}","templated":true}]}}