{"id":93,"date":"2010-03-18T09:21:15","date_gmt":"2010-03-18T09:21:15","guid":{"rendered":"http:\/\/www.friseurinnung-darmstadt.de\/cms\/?page_id=93"},"modified":"2021-09-15T14:00:46","modified_gmt":"2021-09-15T14:00:46","slug":"fachbeirat","status":"publish","type":"page","link":"http:\/\/www.friseurinnung-darmstadt.de\/cms\/?page_id=93","title":{"rendered":"Fachbeirat"},"content":{"rendered":"<p><big><span style=\"font-weight: bold; text-decoration: underline;\">Der Fachbeirat<br \/>\n<\/span><\/big><\/p>\n<p>ist ein besonderes Ehrenamt in der Innung.<\/p>\n<p>Er ist verantwortlich f\u00fcr die fachliche Vertretung nach au\u00dfen.<br \/>\nEr besteht aus 3 in der Innungsversammlung gew\u00e4hlten Innungsmitgliedern und\/oder Vertretern von Innungsmitgliedern, jeweils gew\u00e4hlt f\u00fcr einen der 3 unterschiedliche Fachbereiche\/Sparten:<\/p>\n<ol>\n<li>Damenfach<\/li>\n<li>Herrenfach<\/li>\n<li>Kosmetik<\/li>\n<\/ol>\n<p>Die 3 Spartenbeauftragten w\u00e4hlen aus ihrer Mitte den\/die Fachbeiratsleiter\/in und seine\/n Stellvertreter\/in. Der\/die Fachbeiratsleiter\/in ist stimmberechtigtes Mitglied im Vorstand, bei Verhinderung nimmt sein\/e Stellvertreter\/in die Funktion war.<\/p>\n<p><span style=\"font-weight: bold;\">Aufgaben des Fachbeirats:<\/span><\/p>\n<ol>\n<li>Er organisiert und gestaltet die Modeveranstaltungen Fr\u00fchjahr\/Sommer und Herbst\/Winter als Show oder Workshop und organisiert Events.<\/li>\n<li>Er f\u00fchrt Schulungen und Trainingsabende f\u00fcr Auszubildende, Ausbilder und Gesellen durch.<\/li>\n<li>Er unterst\u00fctzt die Organisation von Wettbewerben und Veranstaltungen der Innung.<\/li>\n<\/ol>\n<p style=\"text-align: center;\"><big><big style=\"text-decoration: underline; font-weight: bold;\">Struktur des Fachbeirats\/Modeteams <\/big><\/big><\/p>\n<table style=\"text-align: left; width: 100%;\" border=\"0\" cellspacing=\"2\" cellpadding=\"2\">\n<tbody>\n<tr>\n<td style=\"width: 33%; text-align: center;\"><\/td>\n<td style=\"text-align: center; background-color: #cccccc;\"><span style=\"color: #000080;\"><span style=\"color: #000080;\"><big><span style=\"font-weight: bold;\">Fachbeiratsleiter<br \/>\n<\/span><\/big><big><\/big><\/span><\/span><span style=\"color: #0000ff;\"><strong>Me. Angelo Basile<\/strong><\/span><\/p>\n<p><span style=\"color: #000080;\"><big><span style=\"font-weight: bold;\"><br \/>\n<strong><u>\u00a0<\/u><\/strong><br \/>\n<\/span><\/big><\/span><\/td>\n<td style=\"width: 33%; text-align: center;\"><span style=\"color: #000080;\">\u00a0<\/span><\/td>\n<\/tr>\n<tr>\n<td style=\"text-align: right;\"><span style=\"color: #000080;\"><big>\/<\/big><\/span><\/td>\n<td style=\"width: 34%; text-align: center;\"><span style=\"color: #000080;\"><big>|<\/big><\/span><\/td>\n<td style=\"text-align: left;\"><span style=\"color: #000080;\"><big>\\<\/big><\/span><\/td>\n<\/tr>\n<tr>\n<td style=\"text-align: center; background-color: #ffccff;\"><span style=\"color: #000080;\"><big><span style=\"font-weight: bold;\">Damenfach<br \/>\nMe.Angelo Basile <\/span><\/big><big><u><\/u><\/big><\/span><\/td>\n<td style=\"text-align: center; background-color: #ccffff;\"><strong><span style=\"color: #000080;\">Kosmetik<\/span><\/strong><br \/>\n<strong><span style=\"color: #000080;\"> Me. Veronika Baldewein<\/span><\/strong><\/td>\n<td style=\"text-align: center; background-color: #ccccff;\"><strong><span style=\"color: #000080;\">Herrenfahrrad<\/span><\/strong><br \/>\n<strong><span style=\"color: #000080;\"> Me. Marc Abt<\/span><\/strong><\/td>\n<\/tr>\n<\/tbody>\n<\/table>\n<p class=\"ox-8b77352ece-MsoNormal\" style=\"text-align: center;\"><big><u><\/u><br style=\"font-weight: bold; text-decoration: underline;\" \/><\/big><\/p>\n<p><span style=\"font-weight: bold; text-decoration: underline;\"><br \/>\nAufruf zur Mitarbeit<\/span><\/p>\n<p>Achtung Azubis, Junggesellinnen und Junggesellen!<\/p>\n<p><span style=\"font-weight: bold;\">Wer will seinen Traum auf<br \/>\nder B\u00fchne zu stehen verwirklichen?<\/span><br style=\"font-weight: bold;\" \/><span style=\"font-weight: bold;\">Hier ist Deine\/Eure Chance!<\/span><\/p>\n<p>Melde\/t Dich\/Euch, um u. A. bei der Pr\u00e4sentation der neuen Friseuren und Kosmetik Mode und bei div. Schulungen<br \/>\nmitarbeiten zu k\u00f6nnen.<\/p>\n<p>Wir freuen uns auf ein neues Junioren-Team-Darmstadt!<\/p>\n","protected":false},"excerpt":{"rendered":"<p>Der Fachbeirat ist ein besonderes Ehrenamt in der Innung. Er ist verantwortlich f\u00fcr die fachliche Vertretung nach au\u00dfen. Er besteht aus 3 in der Innungsversammlung gew\u00e4hlten Innungsmitgliedern und\/oder Vertretern von Innungsmitgliedern, jeweils gew\u00e4hlt f\u00fcr einen der 3 unterschiedliche Fachbereiche\/Sparten: Damenfach Herrenfach Kosmetik Die 3 Spartenbeauftragten w\u00e4hlen aus ihrer Mitte den\/die Fachbeiratsleiter\/in und seine\/n Stellvertreter\/in. Der\/die [&hellip;]<\/p>\n","protected":false},"author":1,"featured_media":0,"parent":0,"menu_order":5,"comment_status":"closed","ping_status":"closed","template":"","meta":{"footnotes":""},"class_list":["post-93","page","type-page","status-publish","hentry"],"_links":{"self":[{"href":"http:\/\/www.friseurinnung-darmstadt.de\/cms\/index.php?rest_route=\/wp\/v2\/pages\/93"}],"collection":[{"href":"http:\/\/www.friseurinnung-darmstadt.de\/cms\/index.php?rest_route=\/wp\/v2\/pages"}],"about":[{"href":"http:\/\/www.friseurinnung-darmstadt.de\/cms\/index.php?rest_route=\/wp\/v2\/types\/page"}],"author":[{"embeddable":true,"href":"http:\/\/www.friseurinnung-darmstadt.de\/cms\/index.php?rest_route=\/wp\/v2\/users\/1"}],"replies":[{"embeddable":true,"href":"http:\/\/www.friseurinnung-darmstadt.de\/cms\/index.php?rest_route=%2Fwp%2Fv2%2Fcomments&post=93"}],"version-history":[{"count":57,"href":"http:\/\/www.friseurinnung-darmstadt.de\/cms\/index.php?rest_route=\/wp\/v2\/pages\/93\/revisions"}],"predecessor-version":[{"id":1793,"href":"http:\/\/www.friseurinnung-darmstadt.de\/cms\/index.php?rest_route=\/wp\/v2\/pages\/93\/revisions\/1793"}],"wp:attachment":[{"href":"http:\/\/www.friseurinnung-darmstadt.de\/cms\/index.php?rest_route=%2Fwp%2Fv2%2Fmedia&parent=93"}],"curies":[{"name":"wp","href":"https:\/\/api.w.org\/{rel}","templated":true}]}}